 3*j + 14 = 5*k - 0, -k = j - 6. Suppose -4*y - 8 = w, j*y + 26 = 6*w - w. What are the prime factors of w?
2
Suppose 179 - 87 = 4*j. List the prime factors of j.
23
Let b be (5 - 4)/(2/16). Let z = 16 - b. List the prime factors of z.
2
Let y(q) be the second derivative of -2*q + 7/2*q**2 - 3/2*q**3 - 1/12*q**4 + 0. What are the prime factors of y(-9)?
7
List the prime factors of -1*(-2)/(-2)*(-73 + 1).
2, 3
Let j(s) = -s**3 + 4*s**2 - s - 1. Let h be j(3). Let f(q) = -q**3 + q + 1. Let w(t) = 4*t**3 - 5*t. Let r(l) = h*f(l) + w(l). List the prime factors of r(0).
5
Suppose s - 3 = -5*v, -3*s + 2*s = -4*v - 21. Let p = -7 + s. What are the prime factors of p?
2, 3
Suppose 0*f - 360 = -3*i - 5*f, -3*i = 2*f - 360. What are the prime factors of i?
2, 3, 5
Let d(m) = -m**3 - 3*m**2 + 4*m + 2. Let u be d(-3). Suppose -17 - 15 = -2*i. Let b = i + u. What are the prime factors of b?
2, 3
Suppose 2*n = -4*g + 926, 1084 = 4*g - 4*n + 140. List the prime factors of g.
233
Suppose 0 = 2*h - 20 - 52. Let b be 1/(2/53)*2. Let g = b - h. List the prime factors of g.
17
Suppose 0 = -2*q - 2*r + 118, 147 = 3*q - 5*r + 2*r. What are the prime factors of q?
2, 3
Let i = -259 + 450. What are the prime factors of i?
191
Let t = 2 + -2. Suppose -2*d - 5*l - 13 = 0, -4*d + d + 4*l - 8 = t. What are the prime factors of (-6)/24 - 37/d?
3
Suppose -2*i + 5*t + 19 = i, -3*t = 4*i - 6. Suppose 70 + 17 = -i*v. Let b = v + 42. List the prime factors of b.
13
Let i(j) = -j**3 + 8*j**2 - 3*j. List the prime factors of i(6).
2, 3
Let k(q) = 0*q**2 - 4*q - 3*q**2 - 1 + 4*q**2. Let h be k(3). List the prime factors of 2/h - 30/(-4).
7
Let m(l) = -l + 3. Let d be 2/(-12)*-3*0. What are the prime factors of m(d)?
3
Let o(i) = -11*i**2 - 3*i - 1. Let s(z) = -5*z**2 - z. Let v(c) = 2*o(c) - 5*s(c). Let x be 2/(-3)*(0 - -3). List the prime factors of v(x).
2, 3
Let h be 1 + (-2)/(-2) + -19. Let r = 37 + h. List the prime factors of r.
2, 5
Let a(h) = h**2 + h + 1. Let c = -15 - -10. List the prime factors of a(c).
3, 7
Let p(b) = b**3 - b**2 + 21. Let z be p(0). What are the prime factors of -1*(1 - -1) + z?
19
Let p(s) = s**2 - 2*s + 3. Suppose 2 = -2*t - 4. Let r = t + 6. What are the prime factors of p(r)?
2, 3
Let n(u) = -3*u**2 + 2*u + 1. Let b be n(2). Let l = 9 + b. What are the prime factors of l?
2
Let f(v) be the first derivative of v**3/3 + 5*v**2 - 11*v - 1. What are the prime factors of f(-12)?
13
Suppose 61 + 101 = 3*f. What are the prime factors of f?
2, 3
Suppose 284 = 37*m - 33*m. List the prime factors of m.
71
Let t = -497 + 713. List the prime factors of t.
2, 3
Suppose -160 = -4*p + 136. What are the prime factors of p?
2, 37
Suppose -2*j + 7*j = 1005. List the prime factors of j.
3, 67
Let g = 7 - 3. Suppose 0 = -g*p + 35 + 165. List the prime factors of 4/5*p/4.
2, 5
Let o(w) = w**3 - 9*w**2 + 4*w - 11. List the prime factors of o(9).
5
Let j(c) = 3*c + 16. What are the prime factors of j(0)?
2
Let l(h) = -11*h + 1. What are the prime factors of l(-10)?
3, 37
Let n be (6/4)/(3/8). Suppose n*p - 76 = -4*g, 5*g - 47 - 18 = 5*p. What are the prime factors of g?
2
Let g(d) = d + 9. Let j be g(-10). Let y = j + 8. List the prime factors of y.
7
Suppose 2*t - 110 = -2*a, 4*a - 8*t - 265 = -3*t. List the prime factors of a.
2, 3, 5
What are the prime factors of 33 - (4 + -1) - 2?
2, 7
Let x be 1/(3 - (-2)/(-1)). List the prime factors of 2*x/(1 - 0).
2
Let l be (-8)/(-3) + 4/(-6). Suppose 2*z = -g + 2*g - 16, -5*g + 44 = l*z. List the prime factors of g.
2, 5
Let h = 11 + -8. Suppose 3*c + h*a - 12 = 0, -4*c + 8 = -5*a - 8. List the prime factors of ((-5)/(-2) + -1)*c.
2, 3
Suppose -2*t = 3*t. Suppose -4*h - 16 + 48 = t. Suppose -5*x = -h - 27. What are the prime factors of x?
7
Let d be -4*(-1)/(-3 - -5). Let i(r) = r**2 + 2*r + 1. List the prime factors of i(d).
3
Suppose -2*f = 2*f. Suppose f = 2*l + 3*s - 59, 2*l + 3*l = -2*s + 120. What are the prime factors of l?
2, 11
Let c = 3 + 27. What are the prime factors of c?
2, 3, 5
Let k be 155/55 - 4/(-22). Let u(x) = -x**3 + 6*x**2 - 3*x - 3. Let o be u(k). Suppose -o = -5*y + 65. What are the prime factors of y?
2
Suppose -2*d + d + 59 = -2*z, 2*z - 148 = -2*d. What are the prime factors of (d/3 + 3)/1?
2, 13
Suppose g - 5*g = -104. Let q = -17 + g. List the prime factors of q.
3
Let r(t) = 2*t - 3. Let m be r(-5). Let x = -9 - m. Suppose -3*g = -14 - x. List the prime factors of g.
2, 3
What are the prime factors of ((-154)/(-4))/(-11)*6*-1?
3, 7
Let i be (5 + -31)*(0 - -1). Let j be i/(-6) + 3/(-9). Suppose -j*q = -3*x + 13, 4*x - 37 = -x - q. What are the prime factors of x?
7
Let n be (-18 + 2)*(0 + 1). Let d be (246/4)/((-12)/n). Suppose -4*l = -5*y + d, -y = -4*l - l - 8. List the prime factors of y.
2, 3
Let p be (10/(-15))/(1/(-6)). Suppose z = 2*q - 52, -44 = -2*q + z - p*z. Suppose -g + 2*u - 4 = 0, 2 = 2*g + 3*u - q. List the prime factors of g.
2, 3
Let j = -6 + 7. Let d = j + 8. What are the prime factors of d?
3
Let t = -7 + 4. Let n be (2 - 8/6)*t. Let h = n - -8. List the prime factors of h.
2, 3
Let w be -1 + 0/(2 - 0). Let s be 1 + 4 + (w - -1). Suppose 2*d = s*h - 50, -34 = h - 4*h + 2*d. List the prime factors of h.
2
Suppose -5*z + z + 4 = -2*m, 5*m - 15 = 5*z. Let l = -2 + m. List the prime factors of l.
2, 3
Let n = 10 + -30. Let c = 2 - n. What are the prime factors of c?
2, 11
Let q = 8 + 6. Suppose 3*g - q = g. List the prime factors of g.
7
Let h be -4 - (-2 - 0) - -2. Suppose -3*o - 2*o + 140 = h. What are the prime factors of o?
2, 7
List the prime factors of (12 - -2)*(-1)/(-2).
7
Let y(f) = f**2 - 1. Let x be y(-2). Let i = x - -1. Suppose -i*s + 23 - 3 = 0. What are the prime factors of s?
5
Suppose 20 = 4*d, 3*d = -3*c + d + 97. List the prime factors of c.
29
Suppose -4*f = -4, 3*v + 5*f - 345 = 155. Suppose -5*g + 10 = -v. List the prime factors of g.
5, 7
Let x(h) = -1 + 5*h + 0 + 0. What are the prime factors of x(2)?
3
Let z(w) = -w**2 - w**3 + 6*w**2 - 9 + 8. List the prime factors of z(4).
3, 5
Suppose 6*x - 8 = 4*x. Let d(u) = 2*u - 6. Let o be d(x). Suppose -4*w + o*w = -10. List the prime factors of w.
5
Let z be (12/1)/((-6)/4). Let g(y) = -y**2 - 9*y - 5. Let n be g(z). Suppose 3*a + s - 3 - 56 = 0, -3 = n*s. What are the prime factors of a?
2, 5
What are the prime factors of (3 - 82/4)/((-3)/6)?
5, 7
Let r = 71 + -34. Suppose i + 7 = r. Suppose -s - 2*s = -i. List the prime factors of s.
2, 5
Suppose 2*r = -3 - 1. List the prime factors of ((-62)/(-4))/(r/(-4)).
31
Suppose -5*s + 655 = 5*v - 9*s, -685 = -5*v - 2*s. What are the prime factors of v?
3, 5
Let k = 299 - 155. What are the prime factors of k?
2, 3
Let h be ((-70)/(-5))/(0 - 1). Let o = h - -46. List the prime factors of o.
2
Suppose 156 = 7*u + 37. List the prime factors of u.
17
Let y(j) = j + 3. Let o be y(-2). Let g = o - -1. Suppose d = -d + 4*w + 24, 15 = g*d + 5*w. List the prime factors of d.
2, 5
Suppose -2*w + 251 = 5*n - 98, -2*n = w - 174. What are the prime factors of w?
2, 43
Suppose -2*x + 8 = -4. What are the prime factors of x/(-9) - 58/(-6)?
3
Suppose -3*t + 18 = 3*t. Suppose 2*s + 32 + 35 = 3*q, 4*q - 88 = t*s. List the prime factors of q.
5
Let g(q) = q**3 + q + 4. Let m be g(0). Let b be (0 - 4/1)/(-1). Suppose -32 = -y - b*y + 2*h, 2*h = -m*y + 22. What are the prime factors of y?
2, 3
Let j = 5 + -2. Suppose 0 = -0*i - j*i. Suppose -3*g = -i - 12. List the prime factors of g.
2
Let d be ((-12)/(-18))/((-2)/(-21)). Suppose -4*c = 3*m + d, 5*m - 4*m - c - 7 = 0. Let j = m + 13. List the prime factors of j.
2
Let l = 16 - 9. List the prime factors of l.
7
Suppose 0 = -6*g - 274 + 898. List the prime factors of g.
2, 13
Suppose 0*y - 55 = -5*s + 5*y, 4*s - 84 = -4*y. List the prime factors of s.
2
Let s be (-3 + 5)*-1 + -13. Let h = -9 - s. List the prime factors of h.
2, 3
Let a(p) = p**3 + 11*p**2 + 7*p - 7. List the prime factors of a(-10).
23
Suppose -5*k + 5*t = 2*t - 13, -5*k + t = -11. List the prime factors of (1 - 1) + k - -17.
19
Let w = 40 - 27. List the prime factors of w.
13
Suppose -60*u + 56*u + 220 = 0. List the prime factors of u.
5, 11
Let h(w) = 5*w**2 - w - 1. Let u be 2/((-4)/(-2))*-1. Let f be h(u). Let i = f - 3. What are the prime factors of i?
2
Let o = 17 - 